{"id":31,"date":"2019-03-09T09:45:23","date_gmt":"2019-03-09T09:45:23","guid":{"rendered":"http:\/\/harald-john.de\/?page_id=31"},"modified":"2019-03-19T15:46:13","modified_gmt":"2019-03-19T15:46:13","slug":"einharz","status":"publish","type":"page","link":"https:\/\/harald-john.de\/?page_id=31","title":{"rendered":"Einharz"},"content":{"rendered":"\n<p>Einharz &#8211; das ist die sinnvolle wie \u00fcberf\u00e4llige Betrachtung des Harzes als Gesamtregion. Das Mittelgebirge ist bisweilen immer noch durch die &#8211; unsichtbaren &#8211; Landesgrenzen von Niedersachsen, Sachsen-Anhalt und Th\u00fcringen getrennt. Doch immer mehr Harzer und ihre Besucher sp\u00fcren, dass die Zeit reif ist f\u00fcr einen sozialen, wirtschaftlichen und touristischen Raum.<br><\/p>\n\n\n\n<p><\/p>\n\n\n\n<ul class=\"wp-block-list\"><li>So berichtet die HAZ: <a href=\"http:\/\/www.haz.de\/Nachrichten\/Der-Norden\/Uebersicht\/Neues-Projekt-EinHarz-soll-Tourismus-im-Harz-staerken\">http:\/\/www.haz.de\/Nachrichten\/Der-Norden\/Uebersicht\/Neues-Projekt-EinHarz-soll-Tourismus-im-Harz-staerken<\/a><\/li><li>Der HarzKurier schreibt: <a href=\"https:\/\/www.harzkurier.de\/region\/article214652149\/Initiative-Ein-Harz-wird-im-August-zur-GmbH.html\">https:\/\/www.harzkurier.de\/region\/article214652149\/Initiative-Ein-Harz-wird-im-August-zur-GmbH.html<\/a><\/li><li>Die Stadt Goslar meldet: <a href=\"https:\/\/www.harzkurier.de\/region\/article214652149\/Initiative-Ein-Harz-wird-im-August-zur-GmbH.html\">https:\/\/www.harzkurier.de\/region\/article214652149\/Initiative-Ein-Harz-wird-im-August-zur-GmbH.html <\/a><\/li><li>Die &#8222;Th\u00fcringer Allhemeine&#8220;: <a href=\"https:\/\/nordhausen.thueringer-allgemeine.de\/web\/nordhausen\/startseite\/detail\/-\/specific\/Beschluss-in-Nordhausen-gefasst-Initiative-Ein-Harz-wird-GmbH-1245829144\">https:\/\/nordhausen.thueringer-allgemeine.de\/web\/nordhausen\/startseite\/detail\/-\/specific\/Beschluss-in-Nordhausen-gefasst-Initiative-Ein-Harz-wird-GmbH-1245829144<\/a><\/li><li>Interview mit Goslars Oberb\u00fcrgermeister Dr. Oliver Junk: <a href=\"https:\/\/regjo.de\/initiative-ein-harz-grenzen-loesen-gemeinschaft-staerken-7419\/\">https:\/\/regjo.de\/initiative-ein-harz-grenzen-loesen-gemeinschaft-staerken-7419\/<\/a><\/li><\/ul>\n","protected":false},"excerpt":{"rendered":"<p>Einharz &#8211; das ist die sinnvolle wie \u00fcberf\u00e4llige Betrachtung des Harzes als Gesamtregion. Das Mittelgebirge ist bisweilen immer noch durch die &#8211; unsichtbaren &#8211; Landesgrenzen von Niedersachsen, Sachsen-Anhalt und Th\u00fcringen getrennt. Doch immer mehr Harzer und ihre Besucher sp\u00fcren, dass die Zeit reif ist f\u00fcr einen sozialen, wirtschaftlichen und touristischen Raum. So berichtet die HAZ: &hellip; <\/p>\n<p class=\"link-more\"><a href=\"https:\/\/harald-john.de\/?page_id=31\" class=\"more-link\"><span class=\"screen-reader-text\">\u201eEinharz\u201c <\/span>weiterlesen<\/a><\/p>\n","protected":false},"author":1,"featured_media":0,"parent":0,"menu_order":0,"comment_status":"closed","ping_status":"closed","template":"","meta":{"footnotes":""},"class_list":["post-31","page","type-page","status-publish","hentry"],"_links":{"self":[{"href":"https:\/\/harald-john.de\/index.php?rest_route=\/wp\/v2\/pages\/31","targetHints":{"allow":["GET"]}}],"collection":[{"href":"https:\/\/harald-john.de\/index.php?rest_route=\/wp\/v2\/pages"}],"about":[{"href":"https:\/\/harald-john.de\/index.php?rest_route=\/wp\/v2\/types\/page"}],"author":[{"embeddable":true,"href":"https:\/\/harald-john.de\/index.php?rest_route=\/wp\/v2\/users\/1"}],"replies":[{"embeddable":true,"href":"https:\/\/harald-john.de\/index.php?rest_route=%2Fwp%2Fv2%2Fcomments&post=31"}],"version-history":[{"count":8,"href":"https:\/\/harald-john.de\/index.php?rest_route=\/wp\/v2\/pages\/31\/revisions"}],"predecessor-version":[{"id":57,"href":"https:\/\/harald-john.de\/index.php?rest_route=\/wp\/v2\/pages\/31\/revisions\/57"}],"wp:attachment":[{"href":"https:\/\/harald-john.de\/index.php?rest_route=%2Fwp%2Fv2%2Fmedia&parent=31"}],"curies":[{"name":"wp","href":"https:\/\/api.w.org\/{rel}","templated":true}]}}

<p>Einharz &#8211; das ist die sinnvolle wie überfällige Betrachtung des Harzes als Gesamtregion. Das Mittelgebirge ist bisweilen immer noch durch die &#8211; unsichtbaren &#8211; Landesgrenzen von Niedersachsen, Sachsen-Anhalt und Thüringen getrennt. Doch immer mehr Harzer und ihre Besucher spüren, dass die Zeit reif ist für einen sozialen, wirtschaftlichen und touristischen Raum.<br></p>



<p></p>



<ul class="wp-block-list"><li>So berichtet die HAZ: <a href="http://www.haz.de/Nachrichten/Der-Norden/Uebersicht/Neues-Projekt-EinHarz-soll-Tourismus-im-Harz-staerken">http://www.haz.de/Nachrichten/Der-Norden/Uebersicht/Neues-Projekt-EinHarz-soll-Tourismus-im-Harz-staerken</a></li><li>Der HarzKurier schreibt: <a href="https://www.harzkurier.de/region/article214652149/Initiative-Ein-Harz-wird-im-August-zur-GmbH.html">https://www.harzkurier.de/region/article214652149/Initiative-Ein-Harz-wird-im-August-zur-GmbH.html</a></li><li>Die Stadt Goslar meldet: <a href="https://www.harzkurier.de/region/article214652149/Initiative-Ein-Harz-wird-im-August-zur-GmbH.html">https://www.harzkurier.de/region/article214652149/Initiative-Ein-Harz-wird-im-August-zur-GmbH.html </a></li><li>Die &#8222;Thüringer Allhemeine&#8220;: <a href="https://nordhausen.thueringer-allgemeine.de/web/nordhausen/startseite/detail/-/specific/Beschluss-in-Nordhausen-gefasst-Initiative-Ein-Harz-wird-GmbH-1245829144">https://nordhausen.thueringer-allgemeine.de/web/nordhausen/startseite/detail/-/specific/Beschluss-in-Nordhausen-gefasst-Initiative-Ein-Harz-wird-GmbH-1245829144</a></li><li>Interview mit Goslars Oberbürgermeister Dr. Oliver Junk: <a href="https://regjo.de/initiative-ein-harz-grenzen-loesen-gemeinschaft-staerken-7419/">https://regjo.de/initiative-ein-harz-grenzen-loesen-gemeinschaft-staerken-7419/</a></li></ul>

<p>Einharz &#8211; das ist die sinnvolle wie überfällige Betrachtung des Harzes als Gesamtregion. Das Mittelgebirge ist bisweilen immer noch durch die &#8211; unsichtbaren &#8211; Landesgrenzen von Niedersachsen, Sachsen-Anhalt und Thüringen getrennt. Doch immer mehr Harzer und ihre Besucher spüren, dass die Zeit reif ist für einen sozialen, wirtschaftlichen und touristischen Raum. So berichtet die HAZ: &hellip; </p>
<p class="link-more"><a href="https://harald-john.de/?page_id=31" class="more-link"><span class="screen-reader-text">„Einharz“ </span>weiterlesen</a></p>
